
Let c = -3 - -4. Suppose 0 = 4*x + 2*i - 26, -5*i + 33 = 5*x - 12. What is the highest common factor of x and c?
1
Let g(w) = 7*w + 5. Let n = 26 + -16. Let m be (4/(-10))/((-1)/n). Let i be g(m). What is the highest common divisor of 22 and i?
11
Let c(a) = 9*a - 44. Let p be c(8). Calculate the highest common divisor of p and 14.
14
Suppose 0 = -2*g + 112. Let f be 4/2 - 5/(-1). What is the greatest common divisor of f and g?
7
Let d(w) = -3*w - 7. Let o be d(-6). Suppose -m + o + 1 = 0. Calculate the highest common divisor of 8 and m.
4
Suppose g + 2*g + 6 = 0. Let z be g/(-4) + 218/4. Calculate the greatest common divisor of z and 11.
11
Suppose -a - 4*u - 4 + 16 = 0, 0 = a + u - 6. Suppose a*x + 112 = 392. Suppose -14*g = -9*g - 70. What is the greatest common factor of x and g?
14
Suppose -2*q + 25 = 3*q. Suppose 2*x - 31 - 21 = -2*c, 0 = 3*x + q*c - 86. Let r(n) = -n + 56. Let g be r(23). What is the highest common divisor of g and x?
11
Let r(k) = -7*k**3 - k**2 - 3*k - 2. Let o be r(-2). Let q(g) = 2*g - 11. Let h be q(9). Calculate the highest common divisor of o and h.
7
Suppose -3*r + 41 = -19. Suppose 0 = -l + 5*k + 30, -17 = -3*l + 2*k + 8. Calculate the highest common factor of r and l.
5
Suppose u - 34 + 15 = 0. Calculate the highest common divisor of 304 and u.
19
Let v = 2 - -12. Let g(h) = h + 10. Let n be g(-6). Let i be n/(-12) - 212/(-6). What is the highest common divisor of v and i?
7
Let i(p) = -p**3 - 6*p**2 - 7*p - 6. Let z be i(-5). What is the greatest common divisor of 6 and z?
2
Let z = 4 + 35. What is the greatest common divisor of z and 13?
13
Let z(r) = 2*r + 2. Let x be z(4). Let y = -6 - -15. Suppose 5*o - y = 4*q, -o + 3*q + 9 = 4*q. Calculate the greatest common factor of o and x.
5
Suppose 0 = o - 5, -3*o = -7*n + 3*n + 65. What is the highest common factor of 30 and n?
10
Let h = -7 + 5. Let k be 2/h + 6/2. Suppose 0 = -2*p - k*s + 52, -4*s - 6 = -2. What is the greatest common divisor of 3 and p?
3
Let t be 18/(-6) - (2 - 1). Let l = t - -70. What is the highest common divisor of l and 6?
6
Let x be 3/((-6)/4)*-8. Let l(i) = -i + 22. Let j be l(x). Suppose h - 2*b + 0 - 2 = 0, b - 29 = -2*h. Calculate the highest common factor of h and j.
6
Let v(q) = 4*q + 11. Let w(o) = -7*o - 21. Suppose -28 + 10 = -3*x. Let k(m) = x*w(m) + 11*v(m). Let u be k(8). What is the greatest common factor of u and 33?
11
Let a(r) = 7*r + 19. Let z be a(11). What is the highest common divisor of 32 and z?
32
Let r(l) = -4*l - 2. Let g be r(-1). Calculate the greatest common factor of 2 and g.
2
Let a = 101 - 68. Let v(f) = -f**2 - 5*f + 4. Let y be v(-7). Let p = y + 13. What is the highest common divisor of a and p?
3
Let n(q) be the second derivative of q**4/6 + q**3/2 - 3*q**2/2 - 4*q. Let w be n(-5). What is the highest common divisor of w and 80?
16
Let u = 14 + -21. Let o be (-1464)/(-14) + (-3)/u. What is the highest common factor of o and 15?
15
Let s be (-2)/(2/(-6)*2). Let z be (s - -1)*(-3)/(-6). Suppose -4*k - 275 = -5*m + k, 2*k = z. What is the greatest common divisor of 7 and m?
7
Let d = 19 + -11. What is the greatest common factor of 56 and d?
8
Let g(t) = 8*t**3 + t**2. Let r be g(1). Calculate the greatest common divisor of 72 and r.
9
Let d(f) = 15*f - 2. Let k be d(4). Let x = k - 6. Suppose 4*s = z + 97 + 11, -2*s + z = -x. What is the greatest common divisor of 14 and s?
14
Let r be (24/(-30))/((-2)/95). Suppose -2*y + 28 = 2*l - 0*l, -y + r = 3*l. What is the greatest common divisor of l and 3?
3
Let r = 0 - -4. Let b = 1 + r. Let l = 11 - b. What is the highest common factor of 66 and l?
6
Let u(g) = 13*g**2 + g + 2. Let f be u(2). Let k(z) = 11*z. Let m be k(-1). Let l = -4 - m. Calculate the greatest common divisor of f and l.
7
Let x be (1/(-3 + (-35)/(-12)))/(-1). Calculate the greatest common divisor of 12 and x.
12
Let l = 11 - 19. Let m be 18/(-4)*(l + 6). What is the highest common factor of m and 36?
9
Let h = -51 - -73. Let p(m) = 2*m**2. Let s be p(1). Let o be 11*2*s/4. Calculate the greatest common divisor of h and o.
11
Let s = -16 - -37. What is the greatest common factor of s and 231?
21
Let o(d) = -1 - 3*d - 5 + 4. Let b be o(-6). Suppose -3 = -i + 1, -b = -l - i. Calculate the highest common divisor of l and 108.
12
Let n be 6/(-4)*(-8)/6. Suppose 2*v - v - 54 = -4*g, 5*g - 141 = -3*v. Let t be 80/6 - (-28)/v. Calculate the greatest common factor of n and t.
2
Suppose -5*k + 1156 + 569 = 0. Suppose k = -3*d + 7*d + 3*q, -3 = -q. Calculate the highest common divisor of 12 and d.
12
Let t(m) = -m**2 - 9*m + 20. Let u be t(-9). What is the greatest common factor of u and 5?
5
Let x be (-1 + -4)*1/(-1). Suppose -x*w = -p - w + 15, 2*p = -3*w + 8. Calculate the highest common divisor of p and 35.
7
Let h be 2/3*(124 + -4)/5. Calculate the greatest common divisor of h and 112.
16
Suppose -5*m = s - 284, -m - 3*s + 48 = -5*s. What is the highest common factor of m and 7?
7
Let j = -12 - -15. Let y be 38 + j/(2/(-2)). Calculate the highest common factor of y and 14.
7
Suppose -18 = -2*d - d. Suppose 3*c - 182 = -4*b, 3*c - 5*b = 80 + 138. Calculate the highest common factor of d and c.
6
Suppose 3*z + 19 = y + 1, 3*y = -z + 84. What is the highest common divisor of 297 and y?
27
Let q(p) be the third derivative of 5*p**4/8 - p**3/2 - 2*p**2. Let h be q(3). Suppose 2*m + m - h = 0. What is the highest common factor of m and 35?
7
Let p = -159 + 33. Let l = p + 206. Suppose -2*s - 8 + l = 0. Calculate the greatest common factor of s and 54.
18
Suppose 5*z + 14 = 7*z. Let a = -4 + z. Let n be (-36)/(-9) + -1*1. Calculate the highest common divisor of n and a.
3
Let s(n) = 2*n**3 - 8*n**2 + 4*n - 5. Let f be s(5). Calculate the highest common divisor of f and 13.
13
Let n = 55 - 7. Suppose 0*h = 4*h + n. Let k be ((-9)/h)/(1/120). What is the highest common divisor of 36 and k?
18
Suppose 5*h + 1 - 71 = 0. Calculate the greatest common divisor of 28 and h.
14
Let u(v) = 8*v. Let c be u(1). Let d(l) = -4*l + 2. Let i(h) = h + 1. Let s(j) = 3*d(j) - 6*i(j). Let g be s(-4). What is the greatest common factor of c and g?
8
Let d(r) = 2*r**3 - 3*r**2 - 3*r - 7. Let f be d(5). Let i = 224 - f. Suppose 0 = 3*n - 61 - i. What is the highest common factor of n and 4?
4
Let w = 225 - 43. Calculate the greatest common factor of 26 and w.
26
Let v(d) = -d + 4. Let y be v(-4). Let p = 3 + -3. Suppose m - 64 = -p*m. Calculate the highest common divisor of m and y.
8
Let r(z) = -z**3 - 8*z**2 - 7*z. Let q be r(-7). Let g = q - 0. Suppose 4*l = 5*v + 8*l - 56, v + 3*l - 9 = g. Calculate the greatest common factor of 12 and v.
12
Let p(n) = 15*n - 6. Suppose u - 24 = -3*u. Let t be p(u). Suppose -y = -3*y + 28. What is the greatest common factor of y and t?
14
Suppose 3*j = -0*j + 6. Suppose -3*t + c + 27 = t, c = j*t - 11. Suppose p + 26 - 66 = 0. Calculate the highest common factor of t and p.
8
Suppose -14 = 2*d + y, -21 = -3*d + 6*d + 2*y. Let w = d + 6. Let x be (3/(-3) + -27)/w. What is the highest common factor of 42 and x?
14
Let d = 1 - 3. Let g = 4 - d. Let o(m) = 2*m**2 - 8*m. Let x be o(g). Calculate the greatest common factor of 6 and x.
6
Let g(l) = 7*l - 6. Let i be g(2). Let z(m) = m + 8. Let v be z(i). Calculate the greatest common factor of v and 4.
4
Let r be 1*7/((-7)/(-18)). Let k = 158 - 68. Calculate the greatest common divisor of r and k.
18
Let g be 4/(-14) + (-4044)/(-42). Let m = g - 40. What is the greatest common factor of m and 8?
8
Suppose 3*p + 3*p - 18 = 0. Calculate the greatest common divisor of p and 1.
1
Suppose 185 = -2*m + 7*m. Calculate the greatest common divisor of m and 259.
37
Let i be 113 + 1/3*3. Calculate the greatest common factor of 19 and i.
19
Let n be (-54)/(-4) + 1/2. Let g = 105 - 35. Calculate the greatest common factor of n and g.
14
Suppose -y + 0 + 4 = 0. Let n be (-30)/y*18/(-15). Let l be (-16)/(-5) + (-3)/15. Calculate the highest common factor of l and n.
3
Let k(s) = -s + 19. Let a be k(0). Calculate the highest common divisor of a and 76.
19
Let x = 2 - 5. Let o be -54*2/(-4) + x. What is the highest common factor of 60 and o?
12
Let c = 92 - 32. Suppose 4*d - d = c. Calculate the greatest common factor of d and 5.
5
Suppose 0 = 4*l - 8, 22 =